 + 6 + 6 - 1. Let b be (0 - (-4)/(-4))*(8 - d). Give o(b).
-1
Suppose -5*f - 7*b + 3*b = -18, -2*f - 5*b + 14 = 0. Let w(z) = -7*z**2 - 5*z**3 - 3 + 0*z**f + 8*z + 4*z**3 + 2 - 4. Calculate w(-8).
-5
Let q(n) be the first derivative of -n**5/20 - 13*n**4/12 - 13*n**3/6 - 7*n**2 + 141*n + 240. Let d(w) be the first derivative of q(w). Calculate d(-12).
-2
Let q(s) = -9*s - 3. Let d(j) = 2*j. Let o(b) = -6*d(b) - q(b). Let a(i) = 2*i**2 + 14*i - 16. Let v be a(-8). Suppose 3*h + v*h - 15 = 0. Give o(h).
-12
Let k(q) = q**2 + 5*q + 1. Let u(w) = 0*w**2 - 8 + w**2 - 7*w + 7. Let g be u(8). Suppose g*d = d - 24. Determine k(d).
-3
Let d(c) be the first derivative of -c**4/4 + 7*c**3/3 + 5*c**2 - 28*c - 1335. Give d(8).
-12
Let j(d) be the third derivative of d**7/840 - d**6/72 - d**5/30 + d**4/8 - 283*d**3/6 - 23*d**2 - d. Let l(c) be the first derivative of j(c). Calculate l(5).
-17
Let n = -58 - -60. Suppose n*l - 96 = -6. Let u = 45 - l. Let h(z) = z**3 + z**2 + z - 1. Calculate h(u).
-1
Let x(o) = o**3 + 6*o**2 + 8*o + 3. Let l = -155 - -155. Suppose l = -4*j - 2*z - 12, -6*z = -3*j - z - 35. Determine x(j).
-12
Let b be (-97)/5 + 4 + (-114)/190. Let u(m) = -m**3 - 17*m**2 - 8*m + 54. What is u(b)?
-74
Let g = 116 - 89. Let z(i) = -g*i + 32*i + 22 - 19. Let d(a) = a**3 + 5*a**2 - 3. Let y be d(-5). Determine z(y).
-12
Let a(l) = 11*l**3 + 16*l**2 + 5*l - 3. Let i(p) = 5*p**3 + 6*p**2 + 3*p - 2. Let u(d) = 2*a(d) - 5*i(d). Calculate u(2).
-22
Suppose 25 = 5*u - 5*f, 12*f - 9*f + 12 = 2*u. Let a(x) be the third derivative of 0 + 0*x**u - 3*x**2 + 3*x + 5/24*x**4. What is a(1)?
5
Let o(m) be the first derivative of -3*m**2 + 31*m + 3454. Determine o(4).
7
Let d = -604 + 608. Let q(k) = 501*k + 3*k**2 - 503*k - 2*k**2. Give q(d).
8
Let o(t) be the second derivative of -t**3/6 - 2*t**2 + 28*t. Let f = -150 - -146. What is o(f)?
0
Let h(w) = -w**2 + 8*w + 1. Let m(r) = -r**2 + 9*r - 28. Let j be m(4). Let x be ((-104)/65)/(j/20). Calculate h(x).
17
Let v(q) be the first derivative of -q**3 + 55*q**2 + 38*q - 5947. What is v(37)?
1
Let h(q) = 2*q**2 + 27*q - 3. Let z = 11104 - 11117. Calculate h(z).
-16
Let b(g) = 6*g**2. Let o(z) = -491 - 491 + 973 + 5*z**2 - z**3 - 2*z. Let y = -4 + 8. Let p be o(y). Determine b(p).
6
Let r(p) = 2*p**2 + 870*p**3 - 887*p**3 + p + 4*p**2 - 3. Let z(t) = -18*t**3 + 4*t**2 + t - 2. Let d(s) = 2*r(s) - 3*z(s). Give d(1).
19
Suppose 0 = 4*l + 149 + 39. Let k = 49 + l. Let z(o) = -32*o + o**k - 3*o**2 + 33*o + 2. Calculate z(2).
-4
Let u(i) = -2*i**2 - 39*i + 97. Let a be u(-22). Let h(r) = -r - 6. What is h(a)?
7
Let i(w) = 2*w**2 - 6*w + 9. Let g(m) = m**2 - 3*m + 4. Suppose -5*q - 2*f - 27 = 2, -2*f + 11 = -3*q. Let n(l) = q*g(l) + 3*i(l). Give n(5).
17
Let c(i) = 31*i**2 + 3*i - 5. Let n be ((-21)/105 - (-4)/(-30))*0. What is c(n)?
-5
Let r(s) = 2*s**2 + 64*s + 2. Let g be r(-32). Let d(l) = -2*l - g*l + 3 - 3*l**2 - l + l. Calculate d(2).
-17
Let q(g) = -10*g - 18*g + 19 + 23*g + 51. Calculate q(15).
-5
Suppose -3*t - 3*s = -40 - 41, 0 = -s + 1. Let k(y) = -t*y**3 - 6*y**2 - y - 4*y - y - 4 + 25*y**3. What is k(-4)?
-12
Let d(l) be the first derivative of l**7/420 - l**5/120 - l**3/3 - 25*l + 94. Let q(m) be the third derivative of d(m). What is q(1)?
1
Suppose p = 2*b + 1, 2*b - 5 = -p - 0. Let q = 0 - p. Let v(l) be the third derivative of -l**4/24 - l**3/2 + 726*l**2. Determine v(q).
0
Let t(m) = -2*m - 16. Let y(p) = -33*p - 150. Let b be y(-9). Suppose b*j - 145*j = -12. Give t(j).
-4
Let v(x) = -42*x - 53. Let y(q) = -q + 12. Let l(b) = v(b) + 4*y(b). What is l(-2)?
87
Let p(m) = 3*m**2 - 237*m + 1. Let y(c) = -16*c**2 + 1302*c - 7. Let i(u) = -11*p(u) - 2*y(u). Let x = 3 - 3. What is i(x)?
3
Let o(i) = -6*i**2 - 51*i + 195. Let c(a) = -7*a**2 - 49*a + 195. Let w(z) = 5*c(z) - 6*o(z). Determine w(3).
-3
Let p = -8 + 6. Let f(y) = -5*y**3 - y**2 - 69*y - 6. Let r(g) = -g**3 - 12*g - 1. Let t(c) = 3*f(c) - 17*r(c). Determine t(p).
-23
Let r(c) = -c + 0 - 1 - 2 + 0. Let p = 88 + -79. Suppose -5*l = p + 16. Calculate r(l).
2
Let q(x) = -9*x + 8*x**2 + 1115*x**3 + 1097*x**3 - 2213*x**3 - 2. Give q(5).
28
Suppose 2*b = 4*x - 3*b + 10, -x = b - 2. Suppose x = 2*o - 37 + 31. Let k(v) = 0*v**3 - 21 + o*v + 39 + v**3 + 6*v**2 - 22. Give k(-5).
6
Let i be (-5 + 3)/(((-96)/18)/8). Let w be 2/(20/150*i). Let q(v) = v**3 - 6*v**2 + 4*v - 5. Determine q(w).
-10
Suppose 17*q = 10*q + 56. Suppose -q*c + 21 = 5. Let n(m) = -4*m + 3. What is n(c)?
-5
Let h(w) = 9*w - 1. Let r = -3466 - -3469. Determine h(r).
26
Let a = -34704 - -34678. Let j(f) = -14*f - 362. What is j(a)?
2
Let y(u) = u**3 - 5*u**2 + 5*u - 2. Suppose 10*a - 2360 = 20*a. Let q = a - -239. Determine y(q).
-5
Let u(x) = x**3 - x**2 - 3*x + 4. Let g(a) = 4*a**3 - 2*a**2 - 12*a + 17. Let w(n) = -2*g(n) + 9*u(n). Suppose 4 = -3*c + c, -2*c = -2*q + 16. Calculate w(q).
20
Let p(v) = -8*v**3 - 2*v**2 + 2. Suppose 4 = -78*k + 76*k - 3*r, k - r = 3. Calculate p(k).
-8
Let c(i) = -5*i + 0 - 3*i**2 + 2 + 5*i**2. Let o = 114 + -51. Suppose 0 = 4*n + 51 - o. Determine c(n).
5
Let j(o) = -6*o**3 - o**2 + o - 1. Suppose 0 = 4*w - 16 - 0. Suppose 3*q - 5*q + w*u = 96, 3*u - 147 = 3*q. Let t = q - -51. Determine j(t).
-7
Suppose -4*f - 72 = -5*o - 79, -3*o - 1 = -4*f. Let a(d) be the third derivative of d**4/24 + d**3/6 - 2*d**2. Determine a(f).
-1
Let r(f) = 9*f**2 - 31*f - 10. Let n(j) = -2*j**2 - 2. Let u(v) = -5*n(v) - r(v). Calculate u(-30).
-10
Suppose 53*g + 1496 = 64*g. Let f(y) = 69 + y + 52 - g. Calculate f(12).
-3
Let v = -2487 - -2494. Let a(d) = 19*d - 8. Let r(t) = -10*t + 4. Let g(o) = -6*a(o) - 11*r(o). Give g(v).
-24
Let t(r) be the first derivative of r**3/3 + 5*r**2/2 - 4*r + 8803. Let o = -22 - -26. Determine t(o).
32
Let f(t) be the first derivative of t**4/4 + t**3/3 - 11*t**2/2 + 4*t - 2075. Determine f(-5).
-41
Let z(m) = m**3 + 23*m**2 - 23*m + 21. Suppose 409*p + 456 = 390*p. Give z(p).
-3
Suppose 3*r + 68 = -78*b + 73*b, 8*b + 71 = -3*r. Let g(y) = 10*y + 200. Determine g(r).
-10
Let m(t) = -t**2 - t + 5. Let u be m(2). Let p = 21 + u. Let d be (-50)/p*(0 - 18/5). Let v(j) = j - 8. Give v(d).
1
Let b(j) = 7*j**2 + 5*j - 14. Let u(f) = 13*f**2 + 9*f - 35. Let q(r) = 11*b(r) - 6*u(r). What is q(0)?
56
Let j(m) be the third derivative of -m**7/105 - m**5/120 + 8*m**3 - 43*m**2. Let a(k) be the first derivative of j(k). Give a(1).
-9
Let g(a) = 2*a**3 - 12*a**2 - a - 225. Let d(q) = q**3 - 6*q**2 - q - 105. Let i(x) = 13*d(x) - 6*g(x). What is i(7)?
-15
Let z(y) = 6*y. Let o = 103 - 64. Let m = 39 - o. Suppose m = -2*t - 4. What is z(t)?
-12
Let l(p) = 2*p**3 - 7*p**2 + 3*p + 8. Suppose -52*q = -11*q + 40*q - 324. Give l(q).
36
Let k(s) be the second derivative of 1/2*s**2 - 1/6*s**3 + 0 + 59*s - 1/20*s**5 - 1/12*s**4. What is k(0)?
1
Suppose x + 4*x + 55 = 0. Let f(y) be the second derivative of y**5/20 + y**4 + 2*y**3 + 4*y**2 - y - 11. Determine f(x).
-3
Let l be (-1)/3 - 14/3. Let r(g) be the first derivative of g**4/8 + g**3/6 - 10*g**2 - 76. Let h(c) be the second derivative of r(c). Determine h(l).
-14
Suppose -5*d - 5*v + 100 = 0, -3*v - 59 = 4*d - 8*d. Suppose -d*x - 12*x = 232. Let g(z) = -z**2 - 11*z - 18. Determine g(x).
6
Let l(v) = -6*v**2 + 0*v**2 + 46*v + 6 - 94*v - v**2 + 53*v. Determine l(-1).
-6
Suppose 7*f + 434 = 8*f. Let z(g) = -433*g**3 + f*g**3 + 1 - 2*g - 5 + 5*g**2. Calculate z(-5).
6
Let v be (-226*3/(-2))/((-42)/28). Let w = 222 + v. Let b(x) = 5*x + 9. Let o(j) = -3*j - 5. Let h(n) = 4*b(n) + 7*o(n). Give h(w).
5
Let w(k) = k**3 - 9*k**2 - 8*k - 9. Let u be 2280/(-912)*(2 + (-2 - 4)). What is w(u)?
11
Suppose -2*w = w + 3*z - 21, -2*w = z - 19. Suppose -6*q - 54 - w = 0. Let i(g) = g + 16. What is i(q)?
5
Let j(i) be the third derivative of i**8/20160 - 13*i**7/5040 - i**6/60 - 149*i**5/60 + 32*i**2 - 2*i. Let p(m) be the third derivative of j(m). What is p(14)?
2
Let h = -40 + 31. Let m(g) = g**3 + 11*g**2 + 17*g + 9. Determine m(h).
18
Let n be 2/(-8)*(-4)/6 + 5738/(-1812). Let j(v) = -5*v + 9. What is j(n)?
24
Let l(u) = u - 7. Let m(h) = 3*h**2 + 8*h - 1. Let s be m(-5). Let q(n) = 8 - 2 + 33*n - s*n. Let g(r) = 4*l(r) + 3*q(r). Calculate g(7).
-3
Let m(o) = -10*o + 5. Let r(k) = k**3 + 4*k**2 + 125*k + 373. Let f be r(